t c(v) = v**3 + 7*v**2 - 22*v - 12. Let x be c(a). Is (x/(-10))/((-2)/(-10)) prime?
True
Let z = 1136266 + -191631. Is z a prime number?
False
Let o be 1303 + (5 - 8) - -2. Let f = 757 - o. Let q = -324 - f. Is q composite?
True
Let k = -31541 + 94314. Is k prime?
True
Let r = 13529 + -8089. Suppose 2*o = -r - 4386. Let d = 7087 + o. Is d composite?
True
Let g(c) = 187*c + 47. Let d(z) = -282*z - 71. Let u(m) = 5*d(m) + 8*g(m). Is u(8) a prime number?
True
Let t be (120/(-100))/(3/(-50)). Is (-8)/t + (-29133)/(-45) a prime number?
True
Let d be (-9 - -7)*(-3)/(-3). Let q = d + 4. Suppose -472 = -5*a - m - 41, 170 = q*a + m. Is a prime?
False
Let q(v) = -v**3 + 15*v**2 + 7*v - 30. Let w be q(19). Let o = -758 - w. Is o prime?
False
Let q = -57 + 62. Suppose -q*z + 11021 = 4*p, -3*p - 2 = -p. Suppose 0 = 2*y - 877 - z. Is y a composite number?
True
Is 4726 + 3/2*94/141 composite?
True
Let r = -74 + 65. Let c be ((-17)/(-51))/((-1)/r). Is 381 - (-1 - (c - 6)) prime?
True
Suppose -2*x + 55132 + 53186 = 2*u, -3*x + 12*u = -162417. Is x composite?
True
Let r(g) = -39*g**2 + 2*g. Let s be r(1). Let x = -34 - s. Suppose 4*p = -5*n + 1322, x*n = 3*p + p + 774. Is n a prime number?
False
Is (-9227 - 13 - 2)*-1 prime?
False
Let a be 6*(3 + 33/(-9)) - -16881. Suppose -3*w = -3*u + 27705, 3*u - 5*w - a - 10820 = 0. Is u prime?
True
Let u = 652 + -930. Let r = 2377 + u. Is r composite?
False
Suppose -4*m + 142458 = -2*v, -m + 6*m - 3*v - 178074 = 0. Suppose 11*g - 11368 = m. Is g a composite number?
False
Let i(w) = 937398*w + 257. Is i(1) prime?
False
Suppose -28*s = -17*s + s - 968964. Is s a composite number?
False
Let m(c) = 35*c**2 - 107*c - 3187. Is m(157) a composite number?
False
Let f(h) = 2*h**3 - 4*h**2 - h + 4. Let b be f(4). Suppose 5*k + 3*j = -b - 68, 0 = -2*k + 3*j - 36. Is -10*((-16)/k)/((-4)/69) composite?
True
Let y(n) = n**3 + n**2 - n - 7. Let b = -1 - 5. Let m be y(b). Let f = m - -914. Is f a composite number?
False
Let r = 296921 - -1622198. Is r composite?
False
Suppose -5*r = -3*t - 290542, -39*t = r - 36*t - 58112. Is r a prime number?
True
Let q be (-4)/(-12)*(22 - 7). Suppose q*a = -5*a + 6810. Is a a prime number?
False
Let g(p) = 6970*p**2 - 690*p + 17. Is g(-9) a composite number?
True
Suppose 63*j - 3680925 = -12*j. Is j prime?
False
Suppose -2*t = 4*s + 20268, -4*t + 0*t + 4*s - 40512 = 0. Is (-1)/3 - (2 + t/15) prime?
True
Let p(w) be the second derivative of -w**5/20 - w**4 - 19*w**3/6 - 3*w**2/2 - 884*w. Suppose 2*a + 38 = -5*q, -5*a = -3*a + 4*q + 38. Is p(a) prime?
False
Let f = 6 + -10. Suppose 12*p = -28 + 100. Is (-197 + 3)/(f/p) prime?
False
Let f(a) = a + 9. Let v be f(-7). Suppose p + 2*k - 12 = 0, -6*k + 14 = -3*p - v*k. Suppose 0*u + p*u - 1594 = 0. Is u a composite number?
False
Let k = -12 - 2. Let r(h) = 997299*h - 30 - 997524*h - 2 - 23. Is r(k) a composite number?
True
Let z(y) = -y**3 + 4*y**2 - 44*y - 117. Is z(-40) a prime number?
True
Suppose -6 + 26 = 5*r. Suppose 966 = r*c - 2*o - 596, 9 = -3*o. Suppose 4*q - u = 2*u + 496, 3*q + 2*u - c = 0. Is q a prime number?
True
Let m = 2354 - -2141. Suppose -2*w + m = -x, -28*w = -33*w - 5*x + 11260. Is w composite?
True
Is (-1569213)/108*(-16)/12 prime?
True
Let h(r) = 9904*r + 5471. Is h(5) composite?
True
Suppose 540744 = -12*b + 36*b. Is b a prime number?
True
Suppose -9*g - 3894 = -10*g - 4*k, 5*g + k = 19470. Suppose 2*p + 5*y - 6487 = 0, g + 12364 = 5*p - y. Suppose z + p = 3*i, -2*z + 2 = 12. Is i prime?
False
Let i(f) = f**2 + 4*f + 12. Let w be i(-4). Suppose 0 = -5*v - 0*v, -4*g - 3*v = -w. Suppose -4*z + 3193 = s, -4000 = -5*z - 0*s - g*s. Is z a composite number?
False
Suppose 5*k + 4*g - 13 = 0, -11 + 1 = -5*g. Let m(y) be the first derivative of 193*y**2 - 7*y + 1. Is m(k) a composite number?
False
Suppose -2*u = -2*w - 2, -2*w + 21 = w + 5*u. Suppose 22 = -5*a + 5*d + w, -14 = -4*a - 2*d. Is (2 - a)*(565 + -8) prime?
True
Suppose -n - 124 = -117, 4*n - 4402 = 5*s. Let r be (0 - 3106)/(0 + -2). Let u = r + s. Is u a composite number?
True
Suppose 4*d - 5*t = 473596, -8*t - 236772 = -2*d - 12*t. Is d a prime number?
False
Let n(s) = -34*s**3 + 5*s**2 - 6 - 7*s**2 - 7*s - 6*s**2 - 4*s. Is n(-5) prime?
True
Let l(u) = u**3 + 25*u**2 - u + 18. Let s be l(-25). Let d = s - 40. Suppose 0 = -o + 2*o + 4, -5*t + 3053 = d*o. Is t prime?
True
Suppose 0 = -2*h + 4*h - 6. Suppose 8*n - l - 2632 = h*n, 5*l = -2*n + 1042. Let j = 1265 - n. Is j a prime number?
True
Suppose -4*i = 48 + 28. Let j be (i + -1)*-1*(-14)/(-5). Suppose 55*z = j*z - 391. Is z a prime number?
False
Suppose -4*m = -0 - 12. Is 1390*(7 - m)/8 - 1 prime?
False
Let j(g) = 2*g - 86. Let k(p) = -p + 29. Let l(f) = 4*j(f) + 11*k(f). Let r be l(-10). Suppose -326 = -r*x + 3269. Is x a composite number?
False
Let n(m) = 450*m + 2*m**2 - 17 - 875*m + 442*m. Let q be 1/5 - (-255)/(-25). Is n(q) composite?
False
Let j(c) = -10*c - 5. Let z be j(-1). Suppose -d + 16965 = 5*a - z*d, -3*a - 2*d = -10157. Is a a composite number?
False
Let j = 1624 + -953. Suppose -650 = -9*q + 4*q. Let h = j - q. Is h a composite number?
False
Let g(n) = -2324*n + 5. Let x be g(-5). Let u = x - -8102. Suppose 3*b + 536 - u = 0. Is b a composite number?
False
Suppose -d = -6*d + 15. Suppose 39 = -d*n + 48. Suppose 2*k = -o + 497, 758 = -n*k + 6*k - o. Is k a composite number?
False
Let r(j) = 7155*j**2 - 517*j + 3113. Is r(6) prime?
True
Suppose 27*q - 3981 = 4254. Let r = 3434 + q. Is r composite?
False
Let a = 205 + -105. Let l(b) = b**2 + 97*b - 887. Let u be l(7). Let s = a - u. Is s composite?
True
Let d(i) = 255292*i**2 - 274*i + 275. Is d(1) composite?
True
Suppose 0 = -477*b + 472*b + 5. Suppose -3*o + 1 + 8 = 0. Suppose -o*f - 3*v = -1498 - 8798, v = -b. Is f composite?
False
Suppose 2*n + 4 = 3*n. Suppose t = -n*b + 1492, 4*b - 235 = t + 1257. Let f = b + -170. Is f a composite number?
True
Is 446/(-2453) - 2544150/(-22) a prime number?
False
Let r be ((-113)/113)/(-2 - 15/(-7)). Let w(y) = 21*y**2 + 2*y + 8. Let p(s) = 22*s**2 + 3*s + 7. Let g(o) = -2*p(o) + 3*w(o). Is g(r) a composite number?
False
Suppose 0 = 2*k + 10, 0*x - 3*k = -5*x + 140. Suppose -3*y + 2 = -x. Is (-3)/((y/6711)/(-1)) a composite number?
False
Let k(o) = 4131*o**2 + 53*o - 1. Is k(4) a composite number?
True
Let b(a) = 3*a + 6. Let r be b(-4). Let m be r*(-2)/4 - (0 - -7). Is (1319/m)/(7/(-28)) composite?
False
Let v = -33 + 37. Suppose -v*i = 2*h - 74, 0*h - 5*h + 77 = 4*i. Is (-1493)/(-5) + i/(-5) + 3 a prime number?
False
Let l(k) be the first derivative of -k**4/4 - 17*k**3/3 + 12*k**2 - 7*k + 6. Let a(p) = p**3 + 13*p**2 + p - 6. Let m be a(-13). Is l(m) composite?
True
Let r(l) = -65*l**3 + 4*l**2 - 52*l + 123. Is r(-10) prime?
False
Let x(f) = -18*f - 3*f**2 - 3*f**2 + 29*f**2 + f**3 + 16*f**2 - 148 - 53. Is x(-28) prime?
False
Let j = 19 - 18. Let l be j/(-2) + (-30)/(-12). Suppose -3*m - 3*h = -672, 0 = 2*m - l*h - 376 - 68. Is m a composite number?
False
Let p(r) = -14*r**2 - r - 48. Let w be p(13). Is ((-5)/(-15))/((-1)/w) a prime number?
True
Is 2071636/35 - -8 - 21/35 composite?
False
Let l(w) = -w**3 - 6*w**2 + 15*w - 8. Let u be l(-8). Suppose u = 12*n + 990 - 3666. Is n composite?
False
Suppose 0 = 7*d + 198 - 240. Is (d*5/60)/((-2)/(-22324)) a prime number?
True
Let r(t) = 51*t + 6. Let b be r(1). Suppose -5*u - 3 = 17. Is ((-38)/b)/(u/43302) prime?
False
Let g be 6/(-4) + (-294645)/(-30). Suppose g = 16*j - 15732. Is j composite?
False
Let w = -116 + 126. Suppose -3281 = -3*k - 5*o, -k + 1095 = -w*o + 13*o. Suppose 1411 = j - k. Is j a composite number?
False
Let f(d) = 722*d - 48. Let v be f(-5). Let n = -155 - v. Is n a composite number?
True
Let y(t) = 11*t**3 - 27*t + 15 + 44*t - 26*t + 11*t**2. Let i be y(7). Is i/10 - -1 - (-10)/(-25) a prime number?
False
Let d be 86828/539 - (-2)/(-22). Let g(t) = -t**3 + 17*t**2 - 18*t - 16. Let v be g(13). Suppose -i + v = -d. Is i prime?
True
Is ((-6)/15)/((-120)/(-75)) - (-143189)/4 prime?
True
Let d = 4084 - 3890. Let b(a) = -a**3 - 6*a**2 - 2*a - 7. Let v be b(-6). Suppose d = v*i - 9461. Is i composite?
False
Suppose -5 = n - 2*n, 2*n + 44396 = -3*h. Let u = h + 23303. Is u prime?
True
Let i(g) = 59115*g - 2197. Is i(4) composite?
True
Let y = -44 - -95. Suppose 0